5
Let s be 3 - 3*6/(-9). Let z be -3 + s - (-41 - 0). Let l = z + -16. What is the greatest common divisor of 3 and l?
3
Let q = -55 - -330. Let z(d) = 3*d**2 - 7*d + 5. Let y be z(4). What is the greatest common divisor of q and y?
25
Suppose 0 = -47*w + 38*w + 216. What is the greatest common factor of 24 and w?
24
Let h be 5/(35/58) - 4/14. Suppose -4*a - 94 = -3*d, d - 5*a + h*a = 14. What is the greatest common divisor of d and 260?
26
Let c be (-100)/(-75)*2*(-51)/(-2). Calculate the highest common factor of 16 and c.
4
Suppose -34*i + 38*i - 1876 = -4*a, 0 = 3*i - 3. What is the greatest common factor of a and 39?
39
Suppose 5*z - 11 = 14, -108 = -4*w + 4*z. Suppose 0 = b - 4*f - 28, 5*b + 17 = 4*b - 5*f. What is the highest common factor of b and w?
8
Let f = -5 + 8. Suppose f*p + 212 = -p. Let d be (4 - p)/3 - 3. What is the highest common factor of d and 64?
16
Let j(y) be the first derivative of 3*y**2 - 1 + 2*y**2 - 4*y**2 - 7*y. Let u be j(5). Calculate the highest common factor of u and 15.
3
Let y(n) = 2*n + 78 + 87 - 163. Let x(j) = 8*j - 1. Let a be x(1). Let z be y(a). Calculate the greatest common divisor of 80 and z.
16
Let c = -30 - -50. What is the greatest common divisor of 380 and c?
20
Let n(a) = 120*a**3 - a**2 + a - 1. Let b be n(1). Calculate the greatest common divisor of 34 and b.
17
Suppose -5*f - 71 = -3*l, -2*f + 6*f = 4*l - 108. What is the greatest common divisor of l and 24?
8
Let j = 386 - -9. What is the greatest common divisor of j and 10?
5
Suppose 16 = z + 3*v, 2*v = -z - 3*z + 84. Calculate the highest common factor of z and 242.
22
Suppose -5*o + 890 = 5*r, -7*o - 544 = -10*o + 2*r. Calculate the greatest common divisor of 72 and o.
36
Suppose 3 = 7*b - 25. Suppose m = b*f - 0*f - 271, 3*f - m - 202 = 0. Let j be 1 + (0 - -1 - -44). Calculate the highest common divisor of f and j.
23
Let s(i) = -i + 12. Let a be s(4). Calculate the highest common factor of 44 and a.
4
Suppose 0 = -5*n - k + 24, 0 = -3*n + k + 1 + 7. What is the highest common factor of 26 and n?
2
Suppose 275 = -r + 281. Calculate the greatest common factor of 978 and r.
6
Let p(a) = a**2 - 2*a - 6. Let h be p(5). Calculate the highest common divisor of 207 and h.
9
Let k = -38 - -18. Let a be k/(-1) + -3 + 7. Calculate the highest common factor of a and 3.
3
Suppose -7*m = -2*m + 35. Let b(u) = -u - 10. Let d be b(m). Let z be ((-46)/6 + 3)*d. Calculate the highest common divisor of 126 and z.
14
Let w(z) = 462*z + 5. Let r be w(1). Let b = 671 - r. Calculate the highest common divisor of 12 and b.
12
Let c = -384 + 489. Calculate the highest common factor of c and 315.
105
Suppose -4*s + 2*s + 8 = -4*v, 0 = -3*s + v + 12. Suppose -s*p + 234 = -126. Calculate the highest common factor of 10 and p.
10
Suppose 1 = 2*t - 1, -36 = -4*d + 4*t. Let b be 4 - (2 + (0 - 3)). Suppose -b*r = -7 - 18. Calculate the greatest common factor of d and r.
5
Let f = -3 - -29. Let m be (-6776)/(-104) + (-4)/f. What is the greatest common factor of m and 13?
13
Let b = -27 - -31. Suppose f = w + 39, b*f - 5*w - 152 - 1 = 0. Let v = -25 - -39. Calculate the highest common divisor of f and v.
14
Let g(x) = 29*x**2 - 1. Let c be 1/(-6)*1*(-2 + -4). Let h be g(c). What is the greatest common divisor of 28 and h?
28
Suppose -5*n + 0*p = 2*p - 13, -n + 5 = -2*p. What is the greatest common divisor of n and 219?
3
Let s(q) = -4*q**3 + 50*q**2 + 35*q - 113. Let d be s(13). Let j = -2 - -5. Calculate the greatest common factor of d and j.
1
Suppose 2*q + 96 = 2*w, -4*w + q + 33 = -150. Calculate the greatest common divisor of 585 and w.
45
Let i be 25/(25/816) - 0/(-3). Calculate the highest common factor of i and 102.
102
Suppose 0 = 4*i + 3*k - 246, 0 = -5*i - 10*k + 5*k + 305. Let p be 4/(-14) - (1 - (-468)/(-21)). What is the greatest common factor of p and i?
21
Let d(w) = 2*w**3 + 5*w**2 - 8*w + 9. Let q be d(2). Calculate the highest common divisor of q and 3016.
29
Let w(d) = 271*d**2 + 2*d. Suppose 5*c + 16 = -4*a, -5*a - c + 3 - 2 = 0. Let y be w(a). Let r = 413 - y. What is the greatest common factor of r and 20?
20
Suppose -8*q - 265 = -2977. What is the highest common divisor of q and 226?
113
Let m(t) = -15*t + 100. Let h be m(0). Calculate the highest common divisor of 60 and h.
20
Let u be 22/(-4 + 216/52). Suppose -2*p - 2*n = 3*p - 389, -5*n = 2*p - u. Let z = p + -19. Calculate the greatest common factor of z and 12.
12
Suppose 0 = -3*f + 2*f + 5. Calculate the greatest common divisor of f and 330.
5
Suppose 133*n = -15*n + 3996. Calculate the greatest common divisor of n and 414.
9
Suppose -93*h + 96*h - 3592 = -5*r, -3560 = -5*r + 5*h. What is the greatest common factor of r and 4?
4
Suppose -3*p + 12 = -0*p. Let q be 0 - p - 2380/(-17). Suppose -2*g - 5*w + q = 0, -g + 2*w + 164 = g. Calculate the highest common factor of g and 52.
26
Suppose -12 = -6*z + 42. Suppose 44 = v + z. Let x = 13 - 8. What is the highest common divisor of x and v?
5
Suppose 0 = -b + 6 - 2. Suppose 112 = 3*o + o. Calculate the highest common divisor of o and b.
4
Suppose -6*x = 5 - 17. Suppose -4*n = -x*p + 80, 0*p - n - 95 = -3*p. What is the greatest common divisor of 40 and p?
10
Let j(v) = v**2 - 2*v + 3. Let t be j(4). Let g be -5 + (2 - -2) - t. Let y = g - -16. Calculate the greatest common factor of 20 and y.
4
Suppose 940 = 22*c - 5836. What is the highest common divisor of c and 35?
7
Suppose -z + 41 = 4*w, -3*z = -5*w - 45 - 95. Let v = 9 + 1. What is the highest common divisor of v and z?
5
Let k be (-2)/(-5)*180/1. Let h(i) = i**3 + 6*i**2 + 2*i - 6. Suppose -4*p + 7 - 27 = 0. Let b be h(p). Calculate the greatest common divisor of b and k.
9
Let j be (-99)/22*9/((-108)/272). Calculate the highest common divisor of 663 and j.
51
Suppose -2*y - 411 = -2*v - 7*y, -3*y = 2*v - 413. Calculate the highest common factor of 48 and v.
16
Let m(b) = -25*b + 3488. Let w be m(139). Let l = 325 + 91. Suppose 5*p = p + l. What is the greatest common factor of p and w?
13
Let s be (-3040)/(-30) - (-3)/(-18)*-4. Calculate the highest common divisor of 136 and s.
34
Let f = -365 + 422. What is the greatest common divisor of f and 817?
19
Suppose -9*k = -4*k + 100. Let a be 1 + (-6)/3 - k. Let d(z) = z**3 + 24*z**2 + 22*z + 53. Let x be d(-23). What is the greatest common factor of x and a?
19
Suppose 13*o - 774 = 1046. Suppose -5*q = f - 143, -4*q - 2*f + 146 = q. What is the greatest common divisor of q and o?
28
Suppose -689 = -3*s - 10*s. What is the highest common factor of 477 and s?
53
Suppose -c + 4*j + 4 = 0, 5*j = 4*j + 5. Let w be (2 + 2 + -1)/1. Suppose -3*z + 74 = x, w*x = -3*z - 20 + 98. Calculate the greatest common factor of c and z.
24
Suppose 31*f - 43*f = -108. Calculate the greatest common divisor of f and 6.
3
Let i = -22 - -59. Let l = 55 - i. Calculate the highest common divisor of l and 45.
9
Suppose -18*s + 21*s = 9. Suppose -s*b + 115 = -53. Let t(g) = -2*g**3 - 3*g**2 - g + 2. Let l be t(-2). What is the greatest common divisor of l and b?
8
Let h be 87/1 - (-14 + (20 - 11)). Calculate the highest common divisor of h and 322.
46
Let r be (-3)/15*-5*(118 - 2). What is the highest common factor of r and 8?
4
Suppose i + 4*r = 4*i + 2, 4*r - 8 = 0. Let l be (4 - -20)/(i*1). Let c = 38 - 2. What is the highest common divisor of l and c?
12
Suppose 15*t - 22*t = -910. Let r be 3 - 2*147/(-6). What is the greatest common factor of t and r?
26
Let a = -41 - -63. Let q be -4 - (0/4 - 59). What is the highest common divisor of a and q?
11
Suppose -24 = -3*v + 6. Let t = v + -6. Let j(z) = -z**3 - 9*z**2 + 10*z + 4. Let c be j(-10). Calculate the highest common divisor of c and t.
4
Suppose 0 = 4*z + 3*n - 0*n - 22, 2*n = 4. Let b be (7/4)/((-27)/z - -7). What is the highest common factor of b and 56?
7
Let c(u) = -3*u**3 - u**2 + 54*u + 109. Let h be c(-2). Calculate the highest common divisor of 49 and h.
7
Let s be 3*(-8)/(-12) - -1. Suppose -s*o + 5*p = -0*o - 16, -p + 4 = 0. Calculate the highest common divisor of o and 4.
4
Let o = -1069 - -1087. Calculate the highest common factor of 384 and o.
6
Suppose 0 = -0*p - 2*p + 2*t + 12, 0 = -4*t + 12. Let b(h) = 2*h**2 - h. Let i be b(5). What is the highest common factor of p and i?
9
Let i(k) = 